se -2*p + 0*p + 4*n + 4 = 0, -p + 5*n + 2 = 0. Let m be (p/2)/(6/60). Is (-2)/m - 30560/(-50) a composite number?
True
Let g(z) = -28*z - 87. Let s be g(-9). Suppose -5*h + 0*h + 804 = r, h - 4*r - s = 0. Is h a composite number?
True
Let f(z) = 6*z**2 + 17*z + 79. Is f(-10) a composite number?
False
Let n(f) = f**2 + 9*f - 4. Let r be n(-10). Is (-17590)/(-15)*r/4 composite?
False
Suppose -6492 = -26*a + 22*a. Is a a prime number?
False
Suppose 0 = -k - 3 + 15. Let a(u) = k*u - 4 + 14 - 2 + 1. Is a(10) a prime number?
False
Let h = 64682 + -15145. Is h composite?
False
Suppose -54*m + 50*m = 1904. Let c = -223 - m. Is c composite?
True
Let x(k) = -89*k + 8. Let t be x(4). Suppose -2*j + 497 = -j. Let f = j + t. Is f a prime number?
True
Let q(y) be the second derivative of -y**3/6 + 5*y**2 + y. Let s be q(10). Suppose s = -4*p - 332 + 4896. Is p prime?
False
Let v = 462 - 302. Suppose -m + 2333 = u + v, 2*m - 4350 = -u. Is m composite?
True
Suppose 4*k = 58 + 10. Is 15 - k - (-286)/2 prime?
False
Suppose i - 1601 = -38. Is i a prime number?
False
Let o = -1329 + -127. Let c = 3251 + o. Is c composite?
True
Let q = -15489 + 23394. Suppose -3*o + p - 23711 = -6*o, o = -p + q. Is o a composite number?
True
Let r = -41 + 43. Suppose -t = 5*y + 2*t - 643, r*y + t = 258. Is y composite?
False
Is (2636/(-3) + 5)/(1/(-9)) prime?
False
Suppose 37417 = -11*k + 94496. Is k composite?
False
Suppose 182*r = 194*r - 6492. Is r a composite number?
False
Let v = -131 + 38. Let s(a) = 2*a**3 + a**2 - 4*a - 1. Let y be s(3). Let i = y - v. Is i composite?
True
Suppose -3*l - 4*b - 88 = -0*l, 0 = 4*l + 2*b + 114. Let z be ((-8)/32)/(1/l). Is z/35 - (-3728)/10 a prime number?
True
Let l = 10963 + -3732. Suppose 4*g = l + 1213. Is g composite?
False
Suppose 918 = 4*r - 3794. Suppose x = 2*b + 389, -3*x = 4*b + b - r. Is x a composite number?
True
Let l(v) = 49*v**2 + 3*v - 3. Let q(o) = 25*o**2 + 2*o - 2. Let w(r) = 6*l(r) - 11*q(r). Is w(3) a prime number?
True
Let d = 1448 - 978. Is d + (4*1/(-1) - -3) a prime number?
False
Let j be 2 - -70*(4 - -54). Suppose -j = -7*l + l. Is l a composite number?
False
Suppose -14*c + 3962 = 4*k - 11*c, -k + c = -987. Is k composite?
True
Let d be (14/(-6))/((-1)/(-9)). Let a = d + 26. Let k(b) = -b**3 + 11*b**2 - b + 12. Is k(a) prime?
True
Let t(s) = -8*s**3 + 3*s**2 + s - 1. Let o be t(-2). Suppose 4*d + 6*h - 2*h - 324 = 0, -3*h - o = -d. Is d composite?
False
Let u = -4572 + 18973. Is u a composite number?
False
Suppose -3*d + 620 = d + 4*t, -5*d - t + 771 = 0. Suppose -3*r + r = -d. Is r prime?
False
Suppose 2755*z - 2745*z - 163010 = 0. Is z composite?
False
Is 3/(-6)*8 + 4087 a composite number?
True
Let s = -2 - 2. Let z be 11 - 1 - (s + 2). Suppose -4*p - z = -152. Is p a composite number?
True
Suppose -3*x + 3 = 0, w - 40554 = -2*w + 3*x. Is w prime?
False
Suppose 5628 = 2*k + 5*z, -4*k - z + 2*z = -11278. Is k composite?
False
Suppose 12741 = 7*z - 1952. Is z composite?
False
Let m be -2 + -4*(-5 + 4)/1. Is (m - 0)*19484/8 prime?
True
Suppose 51254 = 27*b - 137017. Is b a prime number?
False
Let q = 120 - -1. Is q a composite number?
True
Let s be 21 - ((0 - -1) + 0). Suppose 0 = 4*g - s, 3*g + 77 = -p + 8*g. Is (p/(-16))/(2/8) a composite number?
False
Is ((-17)/((-357)/1758))/(2/7) composite?
False
Suppose 0 = -2*h - 2*x - 4, 4*h + 0*x + x - 1 = 0. Let q be (((-582)/(-3))/2)/h. Is -1*1/((-1)/q) a prime number?
True
Let m be (12/7)/(14/196). Suppose -3*g + 0*g = -m. Suppose -g = 2*l, -5*u - 4*l + 28 = -31. Is u a prime number?
False
Suppose -310 = 4*o - 8258. Is o a prime number?
True
Suppose 3*r - 2*r = -4*m + 11272, 2*r - 5630 = -2*m. Is m a prime number?
True
Let j = -46908 + 83101. Is j composite?
True
Suppose -3*m + 4*c = m - 156, -m + 4*c = -30. Is ((-2254)/(-4) - 2) + m/28 composite?
False
Suppose -22*c = -25*c + 12. Suppose 4*i + 418 = z - 269, 0 = -c*z + 4*i + 2760. Is z prime?
True
Let a = 11167 - 3378. Is a composite?
False
Let x = 0 + -7. Let g(t) = -4*t**2 - 5*t + 10. Let y be g(x). Let f = 216 + y. Is f a composite number?
True
Let o = -25017 + 13992. Is o/(-27) + 2 + (-4)/3 composite?
False
Let o(p) be the third derivative of 7*p**5/30 + 12*p**2. Is o(1) a composite number?
True
Suppose 425 = 5*i - 5*t, 3*i + 3*t = -2*t + 223. Suppose 396 = 4*o + 124. Let g = i + o. Is g a composite number?
False
Let u(a) = -904*a + 6. Let s(n) = 452*n - 3. Let m(z) = 5*s(z) + 2*u(z). Is m(1) composite?
False
Suppose -a = -j + 5035, 3*a = 17*j - 20*j + 15129. Is j prime?
True
Is (-339)/226*(-1)/((-6)/(-7772)) composite?
True
Let r(t) = -11*t**3 + 2*t**2 + t. Let x be r(-1). Let c be (x/9)/((-4)/(-3492)). Suppose -c = o - 5*o. Is o a prime number?
False
Let o = 6665 + -222. Is o a composite number?
True
Suppose 0 = -5*n - 2*p + 884, 160 = 5*n + 5*p - 715. Let y be 4 + -3 - (2 + -4). Suppose -5*b - 3*v = -623, -y*v = -3*b + n + 215. Is b composite?
False
Let x be 50/20*4/2. Suppose b + 1 = -0*b + r, 25 = 5*r. Suppose 5*u - 4*u + 109 = x*o, 2*u - 76 = -b*o. Is o composite?
True
Let p(z) = 23*z + 3. Let v be p(1). Let r be (-11)/(-3) - v/39. Suppose -u + 5*g = -172, -3*g = r*u + 2*g - 576. Is u a composite number?
True
Suppose -44*t + 23672 = -36*t. Is t prime?
False
Let v(q) = 152*q**2 - 13*q - 4. Is v(-3) prime?
False
Let d(a) = 7*a**3 - 17*a**2 - 19*a. Let n(p) = 10*p**3 - 25*p**2 - 28*p. Let l(j) = -7*d(j) + 5*n(j). Let v be l(7). Suppose -3*m = -v*m - 399. Is m composite?
True
Suppose 0 = m - 22*m + 221109. Is m a prime number?
True
Is 62/(-1)*-83 - (-2)/2 a prime number?
True
Let w(o) = -o**3 - o**2 + 4*o. Let n be w(-3). Suppose n*k - 66 = 468. Is k a composite number?
False
Let m = 504 - 1135. Is -1*(0/2 + m + 0) a prime number?
True
Let c = -278 - -48. Let k = 558 + c. Suppose w + k = 2*w + 5*r, 0 = 4*w + 2*r - 1294. Is w prime?
False
Let j = 285 + 135. Let g = -209 + j. Is g prime?
True
Let f = 23718 + -5531. Is f a composite number?
True
Is (104/(-39) + 3)*46983 prime?
True
Let c = 1 - 1. Suppose c = -k - k - 2. Let i(x) = 83*x**2 - x - 1. Is i(k) prime?
True
Suppose o = -4 - 0. Let d be (-47)/o - 1/(-4). Is 1383/12 + (-3)/d a composite number?
True
Let t(m) = -153*m + 2. Suppose 4*c + 5*f = 2, -2*c - 4*f + 2 + 2 = 0. Let x be t(c). Suppose -x = -7*d + 3*d. Is d prime?
False
Suppose 9*o = 15*o - 31782. Is o composite?
False
Suppose -h - 2*m = -3*h - 6, 22 = 2*h + 5*m. Suppose 2*f = j - 0 - h, -3*j + f = -13. Is (319 - -1) + -8 + j composite?
False
Let u(z) = 660*z - 9. Let y be u(5). Suppose -78*x + 75*x + y = 0. Is x prime?
True
Let j(v) = 546*v - 8. Suppose -9*w = -12*w + 4*y - 5, w + 1 = y. Is j(w) a prime number?
False
Let c(b) = -14*b**3 - 2*b**2 + b. Let g be c(1). Let p(j) = 2*j**2 + 21*j - 8. Is p(g) composite?
False
Is 16/12*128468/(-64)*-12 prime?
True
Suppose -2*i + 13146 = -5*r - 4995, -3*r - 45400 = -5*i. Is i a composite number?
True
Is ((-1293351)/465)/((-1)/5) composite?
False
Let n(y) = 154*y**2 + 9*y + 139. Is n(-8) composite?
False
Suppose 0 = 4*n - 4*p - 108, 5 = n + p - 24. Suppose -2 = -2*m + n. Is (-2)/6 + 1040/m prime?
False
Let c(r) = 24*r + 21. Let s(q) = -36*q - 32. Let x(z) = 7*c(z) + 5*s(z). Is x(-4) prime?
False
Let z(u) = u**2 - 6*u - 5. Let t be z(7). Suppose -t*b = 3*b. Let h(x) = x**3 + x**2 + 118. Is h(b) a composite number?
True
Suppose -15 = 5*y + 5*l, -12 = 3*l - 0*l. Is -2 - y*20205/(-5) prime?
False
Let q(v) = v**3 + 3*v**2 - 2*v - 4. Let d be q(-2). Suppose d*n - 15 = 117. Is n a composite number?
True
Suppose 0 = 2*v - 4*n - 16, -2*v + 2*n + 27 - 1 = 0. Suppose -10804 = -v*g + 11642. Is g a composite number?
True
Let w(u) = 40*u**2 + 37*u - 21. Is w(10) composite?
False
Let a = 9 + -4. Suppose 0 = -m - 3*m - 20, -a*y + 5*m = -65. Is (218/y)/(1/28) a prime number?
False
Let t(y) be the second derivative of -y**5/10 - 5*y**4/6 - 8*y**3/3 + y**2/2 - 2*y. Is t(-7) a prime number?
False
Let l(q) be the third derivative of q**8/2880 + q**7/1680 - q**6/240 - q**5/60 - 5*q**2. Let f(i) be the third derivative of l(i). Is f(-4) a composite number?
False
Suppose -16 = 4*a - 0*a. Let t = 2 + a. Is t/(-8)*0 + 469 a composite number?
True
Let u(b) be the first derivative of -b**4/4 - 16*b**3/3 + 7*b**2 + 4*b + 19. Is u(-17) prime?
False
Is 5 + -6 + 4116 - 9 composite?
True
L